64. What is the remainder when 127 is divided by n?
31
Let w(i) = i + 8. Let z(s) = -2*s**3 - 4*s**2 - 3*s + 1. Let q be z(-3). Let j = 23 - q. What is the remainder when 8 is divided by w(j)?
2
Let a(g) = 77*g**2 - 335*g + 2020. What is the remainder when a(6) is divided by 3?
1
Calculate the remainder when 9877 is divided by (10/(-35))/(((-125)/(-1820))/(-25)).
101
Let l = -1913 - -2582. Calculate the remainder when l is divided by 45.
39
Let r(p) = -p**3 + 3*p**2 - 2*p - 2. Let d be r(2). Let a be 30*d/(-7)*(-1 - 13). Let w = -64 - a. Calculate the remainder when 334 is divided by w.
54
Suppose -36 = -7*w + 104. Let h(t) = 39*t**2 + t - 1. Let j be h(-2). Let m = j - 81. What is the remainder when m is divided by w?
12
Let r be (-6)/(-4)*-5*(-4)/30. What is the remainder when r*314 - (-2)/(-4)*8 is divided by 12?
10
Let l = -20 + 110. What is the remainder when l is divided by -6*(40/28)/(72/(-378))?
0
Suppose 0 = x - l - 1 - 0, -3*x + 3 = -5*l. Let m = -109 + 133. What is the remainder when 945/10 + x/2 is divided by m?
23
Let l(a) = 151*a - 3604. What is the remainder when 1095 is divided by l(24)?
15
Calculate the remainder when 101 is divided by ((-25)/91 + 12/(-78))*-21.
2
Suppose -5*f = 153333 - 166668. What is the remainder when f is divided by 1332?
3
Let l(r) = -r**3 - 13*r**2 + 370*r + 46. What is the remainder when l(-27) is divided by 222?
40
Calculate the remainder when ((-17)/6 - 64/(-48))*(-5232)/18 is divided by 14.
2
Suppose o + 0 + 3 = -5*a, -a = -4*o + 30. Suppose -4*v + o*v - 30 = 0. Suppose 5*z - 3*z = v. What is the remainder when 6 is divided by z?
1
Calculate the remainder when (154/(-70) + 2)*-235 is divided by 32.
15
Let d = 465 - 351. Suppose -m - 86 = -d. What is the remainder when 53 is divided by m?
25
Let o = 12907 + -12888. Calculate the remainder when 6134 is divided by o.
16
Suppose -3*s = -67 - 197. Suppose s = 34*i - 12*i. Calculate the remainder when 35 is divided by i.
3
Suppose -13*z = -5*z. Suppose -b = 2*b - 3*m - 39, b + m - 5 = z. Suppose -c - 102 = -4*c. Calculate the remainder when c is divided by b.
7
Suppose 1330*p = 1297*p + 39105. What is the remainder when p is divided by 66?
63
Let x(p) = -2*p**2 + 23*p + 20. Let n be x(12). Let i(v) = 2*v - 21. Let o be i(n). What is the remainder when 2 + o/1 + (33 - 0) is divided by 7?
2
Let a = -13259 - -7031. What is the remainder when (-1)/(12/a)*(-2)/(-6) is divided by 45 - 0 - (-1 + 2)?
41
Let n(m) = -2*m**2 - 42*m + 9. Let h be n(-19). Suppose 245*o - h = 240*o. What is the remainder when 50 is divided by o?
16
Let o(m) = -1328 + 759 + 667 - 4*m. Suppose 0 = -2*r + 93 - 23. What is the remainder when r is divided by o(23)?
5
Suppose -2 + 8 = 2*s. Suppose n + 4 = -5*g, 3*n + g = -1 + s. Calculate the remainder when -1 - (-1 - -2)/3*-9 is divided by n.
0
Suppose -3*w + 1760 = a, -564*w + a = -569*w + 2930. Calculate the remainder when w is divided by 153.
126
Let q = 5 + -10. Suppose -2261*l + 13153 = -777*l - 43239. Calculate the remainder when 2/q - (-377)/5 is divided by l.
37
Let p be (-340)/(-6) + (-8)/(-24). Suppose 3*a - 3*c - 221 = -a, -c + p = a. Calculate the remainder when a is divided by (3/4)/((-7)/(-140)).
11
What is the remainder when 326 is divided by (-3)/((-15)/(-1)) + (3402/(-35))/(-6)?
6
Suppose -14 = 5*p - 34. Suppose -2*b = -p*w - 0*b + 1410, 2*b = -2*w + 720. What is the remainder when w is divided by 20?
15
Suppose -2*q - 21 = 3*b - 5*q, -19 = 2*b - 3*q. Let s be ((0 - b) + 2)/(4/52). Suppose -9*g + 5*g + s = 0. What is the remainder when 36 is divided by g?
10
Suppose 16*z - 15 = 13*z - 3*a, 0 = -5*z + 3*a + 1. Let c(g) = 4*g**2 + 2*g + 3. What is the remainder when 344 is divided by c(z)?
22
Let k = 6550 - -2473. Calculate the remainder when k is divided by 19.
17
Let y(a) = a + 4. Suppose 4*g - 8*g + 108 = 0. Calculate the remainder when g is divided by y(6).
7
Let l be (1 - 1) + (7*12)/(-4). Let g = 25 + l. Suppose 0 = g*m - 24 - 32. What is the remainder when 68 is divided by m?
12
Let t(s) = s**3 + 6*s**2 + 5*s + 3. Let b be (-13)/(-156) - (-147)/(-36). Calculate the remainder when 102 is divided by t(b).
12
Let l = 21 + -171. Let b = 170 + l. Calculate the remainder when b is divided by 13.
7
Let v = 16 - 15. Let j(r) = r**3 + 5*r**2 - r + 9. Calculate the remainder when (50 - (-4 - -3)) + v is divided by j(-5).
10
Let r = 33 - 30. Suppose -h - 2*d = r*h - 116, -3*h + 2*d + 94 = 0. What is the remainder when 237 is divided by h?
27
Let q(y) = -3*y**2 + 48*y - 27. Let p be q(15). Suppose -6 = -n + p. What is the remainder when 213 is divided by n?
21
Suppose 0 = 2*i - 3*u + 11, 15 = 5*i + 5*u - 4*u. Suppose 0 = a + i*m - 35, 7*a = 3*a + 4*m + 200. What is the remainder when a is divided by 5?
0
Let k be ((-1557)/(-15))/((-2)/10). Let r = -452 - k. Calculate the remainder when r is divided by 12.
7
Suppose 66 = -44*p + 9262. Calculate the remainder when p is divided by 27.
20
Let q = 13 - 8. Let p(h) = 2*h**2 - 191*h + 3550. What is the remainder when p(25) is divided by q?
0
Let j = 249 + -248. Calculate the remainder when 241 is divided by (98/(-6))/(2*j/(-6)).
45
Let h be 565 - (1 - (0 + 2)). Suppose 2270 - h = 6*w. What is the remainder when w is divided by 22?
20
Suppose 111*h - 7531 = 9896. What is the remainder when h is divided by (-4)/(-14) - (-981)/21?
16
Suppose 3813 - 6106 - 5426 = -31*d. Calculate the remainder when 513 is divided by d.
15
Let z = 121 + -57. Suppose -2*v = 4*h - 10, -4*v - 22 + 94 = -5*h. What is the remainder when z is divided by v?
12
Let s(a) = 2*a**3 + 38*a**2 - 56*a - 96. Calculate the remainder when s(-20) is divided by 24.
8
Suppose -4*x = 4*y - x - 2107, 2*y + 3*x - 1055 = 0. Calculate the remainder when y is divided by 100.
26
Let w(n) = 18*n**2 - 8*n + 20. Suppose -7*v = -3*v - 8. What is the remainder when w(v) is divided by 26?
24
Let t(h) = -h**2 + 51*h - 265. Let g(y) = y + 1. Let c(v) = -4*g(v) + t(v). What is the remainder when 54 is divided by c(7)?
10
Suppose 198 = -7*s + 177. Let c(g) = 3*g**2 + 4*g - 6. Suppose -7*w + 2*w = -260. What is the remainder when w is divided by c(s)?
7
Let k = 1544 - 1519. Suppose 23 = 5*o - 12. Calculate the remainder when k is divided by o.
4
Suppose -7*f + 481 = -2*b - 8518, 0 = b + 2. Calculate the remainder when f is divided by 13.
11
Suppose -40 = -t + 16. Let g be (-1430)/(-22) - (1 + -1)/1. Let h = g - 50. Calculate the remainder when t is divided by h.
11
Suppose 144*a - 1092 = 74*a + 64*a. Calculate the remainder when a is divided by 182.
0
Let n(o) = -o - 42. Let x be n(-35). Suppose -255 = -5*c + 3*u, -5*c + 2*u - 3*u + 275 = 0. What is the remainder when c is divided by 12/((-7)/x) + 7?
16
Let u be (4/(-6))/2 - 38/3. Let h = u - -27. Suppose -2*y + 183 = 5*r, 154 = 4*r + 2*y + 8. What is the remainder when r is divided by h?
9
Suppose 4*d + i + 0*i = 2407, -2*d - 3*i + 1191 = 0. Suppose -28*w + 19*w = -d. Calculate the remainder when w is divided by 10.
7
Let c = -1441 + 1481. What is the remainder when 530 is divided by c?
10
Let u(p) = p**3 - 14*p**2 + 158*p - 1593. Calculate the remainder when ((-36)/4)/(2 - (-57)/(-24)) is divided by u(12).
9
Let b be 861/18 + 1/6. Suppose 0 = 2*u - b + 18. What is the remainder when 87 is divided by u?
12
Let q(h) = h**3 - h**2 - 2*h + 5. Let f = 37449 + -37360. Calculate the remainder when f is divided by q(4).
44
Suppose -19 = 7*p + 79. What is the remainder when 234 is divided by (-375)/(-7) + (p - 606/(-42))?
18
Let h be -148*(-1)/(24/6). Suppose 965 + 626 = h*z. What is the remainder when z is divided by 24?
19
Let p = -34 - -45. Calculate the remainder when (-23)/2*(0 + -2) is divided by p.
1
Let m = 138 + -78. Suppose 63*s - m*s = 156. Calculate the remainder when 153 is divided by s.
49
Let g = 156 - 75. Suppose -70 - g = -f - 2*h, 0 = 4*f + 3*h - 599. Suppose -w = -0*w - 3, 0 = 2*d + w - 103. What is the remainder when f is divided by d?
49
Suppose 3*q = -4*k + 58, 0 = q - k - 11 - 6. Let p(c) = -34*c**3 + 2*c**2 + 4*c + 1. Calculate the remainder when p(-1) is divided by q.
15
Suppose -3*j = -8*j + 1070. Suppose -j + 25 = -3*z. Suppose 8*p - z = p. What is the remainder when 44 is divided by p?
8
Suppose 0 = -5*j + 5, 16*m = 12*m - 2*j + 10. Suppose t = -3*u - t + 459, t = m*u - 